{"id":119,"date":"2025-05-03T15:27:22","date_gmt":"2025-05-03T12:27:22","guid":{"rendered":"https:\/\/kadenjalkia.fi\/?page_id=119"},"modified":"2025-05-04T17:54:03","modified_gmt":"2025-05-04T14:54:03","slug":"savirappaus","status":"publish","type":"page","link":"https:\/\/kadenjalkia.fi\/?page_id=119","title":{"rendered":"Savirappaus"},"content":{"rendered":"\n<div class=\"wp-block-group alignfull has-accent-background-color has-background has-global-padding is-layout-constrained wp-container-core-group-is-layout-669513ed wp-block-group-is-layout-constrained\" style=\"margin-top:0;margin-bottom:0;padding-top:var(--wp--preset--spacing--50);padding-right:var(--wp--preset--spacing--50);padding-bottom:var(--wp--preset--spacing--50);padding-left:var(--wp--preset--spacing--50)\">\n<div class=\"wp-block-columns alignwide is-layout-flex wp-container-core-columns-is-layout-1da03c2a wp-block-columns-is-layout-flex\">\n<div class=\"wp-block-column is-vertically-aligned-stretch is-layout-flow wp-block-column-is-layout-flow\" style=\"flex-basis:50%\">\n<div class=\"wp-block-group is-vertical is-content-justification-stretch is-layout-flex wp-container-core-group-is-layout-444d5ee8 wp-block-group-is-layout-flex\" style=\"min-height:100%\">\n<p class=\"has-heading-font-family has-x-large-font-size\" style=\"line-height:1.2\"><br>Savirappaus \u2013 Luonnollinen valinta terveelliseen kotiin<\/p>\n<\/div>\n<\/div>\n\n\n\n<div class=\"wp-block-column is-vertically-aligned-center is-layout-flow wp-block-column-is-layout-flow\" style=\"flex-basis:50%\">\n<figure class=\"wp-block-image size-full is-style-rounded is-style-rounded--1\"><img loading=\"lazy\" decoding=\"async\" width=\"563\" height=\"1000\" src=\"https:\/\/kadenjalkia.fi\/wp-content\/uploads\/2025\/05\/savirappaus2_www.jpg\" alt=\"\" class=\"wp-image-149\" style=\"aspect-ratio:3\/4;object-fit:cover\" srcset=\"https:\/\/kadenjalkia.fi\/wp-content\/uploads\/2025\/05\/savirappaus2_www.jpg 563w, https:\/\/kadenjalkia.fi\/wp-content\/uploads\/2025\/05\/savirappaus2_www-169x300.jpg 169w\" sizes=\"auto, (max-width: 563px) 100vw, 563px\" \/><\/figure>\n<\/div>\n<\/div>\n<\/div>\n\n\n\n<div class=\"wp-block-group alignfull has-base-background-color has-background has-global-padding is-layout-constrained wp-container-core-group-is-layout-d89aad35 wp-block-group-is-layout-constrained\" style=\"margin-top:0;margin-bottom:0;padding-top:var(--wp--preset--spacing--50);padding-right:var(--wp--preset--spacing--50);padding-bottom:var(--wp--preset--spacing--50);padding-left:var(--wp--preset--spacing--50)\">\n<div class=\"wp-block-columns alignwide is-layout-flex wp-container-core-columns-is-layout-549b0c86 wp-block-columns-is-layout-flex\">\n<div class=\"wp-block-column is-vertically-aligned-top has-global-padding is-content-justification-center is-layout-constrained wp-container-core-column-is-layout-42d62dd4 wp-block-column-is-layout-constrained\" style=\"flex-basis:40%\">\n<figure class=\"wp-block-image size-large is-style-rounded is-style-rounded--2\"><img loading=\"lazy\" decoding=\"async\" width=\"730\" height=\"1024\" src=\"https:\/\/kadenjalkia.fi\/wp-content\/uploads\/2025\/05\/savirappaus3_www-730x1024.jpg\" alt=\"\" class=\"wp-image-150\" style=\"object-fit:cover\" srcset=\"https:\/\/kadenjalkia.fi\/wp-content\/uploads\/2025\/05\/savirappaus3_www-730x1024.jpg 730w, https:\/\/kadenjalkia.fi\/wp-content\/uploads\/2025\/05\/savirappaus3_www-214x300.jpg 214w, https:\/\/kadenjalkia.fi\/wp-content\/uploads\/2025\/05\/savirappaus3_www-scaled.jpg 1826w\" sizes=\"auto, (max-width: 730px) 100vw, 730px\" \/><\/figure>\n<\/div>\n\n\n\n<div class=\"wp-block-column is-layout-flow wp-container-core-column-is-layout-119bc444 wp-block-column-is-layout-flow\" style=\"flex-basis:60%\">\n<p class=\"has-heading-font-family has-x-large-font-size\" style=\"line-height:1.2\">Unelmoitko kodista, joka on ekologinen, hengitt\u00e4v\u00e4 ja t\u00e4ynn\u00e4 luonnollista kauneutta?<\/p>\n\n\n\n<p class=\"has-heading-font-family has-x-large-font-size\" style=\"line-height:1.2\">Savirappaus tuo el\u00e4v\u00e4isi\u00e4, kest\u00e4vi\u00e4 pintoja, jotka sopivat niin uudisrakentamiseen kuin perinnerakentamiseen.<\/p>\n\n\n\n<p class=\"has-heading-font-family has-x-large-font-size\" style=\"line-height:0\">Mihin savirappaus sopii?\u00a0<\/p>\n\n\n\n<div class=\"wp-block-columns is-layout-flex wp-container-core-columns-is-layout-87beb0d0 wp-block-columns-is-layout-flex\">\n<div class=\"wp-block-column is-layout-flow wp-block-column-is-layout-flow\">\n<p><strong>Luonnonmukaiset pinnat: Hirsisein\u00e4t, ruokopinnat ja laudat.&nbsp;<\/strong><\/p>\n<\/div>\n\n\n\n<div class=\"wp-block-column is-layout-flow wp-block-column-is-layout-flow\">\n<p><strong>Huokoiset materiaalit: Puukuitulevyt ja tiilipinnat.&nbsp;<\/strong><\/p>\n<\/div>\n\n\n\n<div class=\"wp-block-column is-layout-flow wp-block-column-is-layout-flow\">\n<p><strong>Kest\u00e4v\u00e4t rakenteet: Betoni- ja harkkopinnat.<\/strong><\/p>\n<\/div>\n<\/div>\n<\/div>\n<\/div>\n\n\n\n<p>Huom! Imukykyiset, hengitt\u00e4v\u00e4t pinnat antavat parhaan tuloksen. Ei-hengitt\u00e4vien pintojen (esim. muovipohjaiset maalit) soveltuvuus kannattaa testata.<\/p>\n<\/div>\n\n\n\n<div class=\"wp-block-group alignfull has-accent-5-background-color has-background has-global-padding is-layout-constrained wp-container-core-group-is-layout-d89aad35 wp-block-group-is-layout-constrained\" style=\"margin-top:0;margin-bottom:0;padding-top:var(--wp--preset--spacing--50);padding-right:var(--wp--preset--spacing--50);padding-bottom:var(--wp--preset--spacing--50);padding-left:var(--wp--preset--spacing--50)\">\n<div class=\"wp-block-columns alignwide is-layout-flex wp-container-core-columns-is-layout-1da03c2a wp-block-columns-is-layout-flex\">\n<div class=\"wp-block-column is-vertically-aligned-center is-layout-flow wp-block-column-is-layout-flow\" style=\"flex-basis:60%\">\n<figure class=\"wp-block-image size-full is-style-rounded wp-duotone-unset-4 is-style-rounded--3\"><img loading=\"lazy\" decoding=\"async\" width=\"1920\" height=\"2560\" src=\"https:\/\/kadenjalkia.fi\/wp-content\/uploads\/2025\/05\/savirappaus_www-scaled.jpg\" alt=\"\" class=\"wp-image-146\" style=\"aspect-ratio:4\/3;object-fit:cover\" srcset=\"https:\/\/kadenjalkia.fi\/wp-content\/uploads\/2025\/05\/savirappaus_www-scaled.jpg 1920w, https:\/\/kadenjalkia.fi\/wp-content\/uploads\/2025\/05\/savirappaus_www-225x300.jpg 225w, https:\/\/kadenjalkia.fi\/wp-content\/uploads\/2025\/05\/savirappaus_www-768x1024.jpg 768w\" sizes=\"auto, (max-width: 1920px) 100vw, 1920px\" \/><\/figure>\n<\/div>\n\n\n\n<div class=\"wp-block-column is-layout-flow wp-block-column-is-layout-flow\" style=\"flex-basis:40%\">\n<h2 class=\"wp-block-heading\"><strong>Miksi valita savirappaus?<\/strong><\/h2>\n\n\n\n<ul class=\"wp-block-list\">\n<li><strong>Ekologisuus<\/strong>: 100 % luonnollinen, kierr\u00e4tett\u00e4v\u00e4 ja ymp\u00e4rist\u00f6yst\u00e4v\u00e4llinen.<\/li>\n\n\n\n<li><strong>Hengitt\u00e4vyys<\/strong>: S\u00e4\u00e4telee kosteutta, puhdistaa ilmaa ja ehk\u00e4isee mikrobien kasvua.<\/li>\n\n\n\n<li><strong>Energiatehokkuus<\/strong>: L\u00e4mm\u00f6nvarauskyky tasaa sis\u00e4l\u00e4mp\u00f6tiloja ja s\u00e4\u00e4st\u00e4\u00e4 energiaa. &nbsp;<\/li>\n\n\n\n<li><strong>Kaunis pinta<\/strong>: Ainutlaatuinen, tekstuuri tuo l\u00e4mp\u00f6\u00e4 ja harmoniaa.<\/li>\n<\/ul>\n\n\n\n<p>OTA YHTEYTT\u00c4<\/p>\n\n\n\n<div class=\"wp-block-buttons is-layout-flex wp-block-buttons-is-layout-flex\">\n<div class=\"wp-block-button\"><a class=\"wp-block-button__link wp-element-button\" href=\"mailto:anna-maria@kadenjalkia.fi\">anna-maria@kadenjalkia.fi<\/a><\/div>\n<\/div>\n<\/div>\n<\/div>\n<\/div>\n","protected":false},"excerpt":{"rendered":"<p>Savirappaus \u2013 Luonnollinen valinta terveelliseen kotiin Unelmoitko kodista, joka on ekologinen, hengitt\u00e4v\u00e4 ja t\u00e4ynn\u00e4 luonnollista kauneutta? Savirappaus tuo el\u00e4v\u00e4isi\u00e4, kest\u00e4vi\u00e4 pintoja, jotka sopivat niin uudisrakentamiseen kuin perinnerakentamiseen. Mihin savirappaus sopii?\u00a0 Luonnonmukaiset pinnat: Hirsisein\u00e4t, ruokopinnat ja laudat.&nbsp; Huokoiset materiaalit: Puukuitulevyt ja tiilipinnat.&nbsp; Kest\u00e4v\u00e4t rakenteet: Betoni- ja harkkopinnat. Huom! Imukykyiset, hengitt\u00e4v\u00e4t pinnat antavat parhaan tuloksen. Ei-hengitt\u00e4vien pintojen [&hellip;]<\/p>\n","protected":false},"author":1,"featured_media":0,"parent":0,"menu_order":0,"comment_status":"closed","ping_status":"closed","template":"","meta":{"footnotes":""},"class_list":["post-119","page","type-page","status-publish","hentry"],"yoast_head":"<!-- This site is optimized with the Yoast SEO plugin v27.4 - https:\/\/yoast.com\/product\/yoast-seo-wordpress\/ -->\n<title>Savirappaus - K\u00e4denj\u00e4lki\u00e4 - ty\u00f6tila &amp; puoti<\/title>\n<meta name=\"robots\" content=\"index, follow, max-snippet:-1, max-image-preview:large, max-video-preview:-1\" \/>\n<link rel=\"canonical\" href=\"https:\/\/kadenjalkia.fi\/?page_id=119\" \/>\n<meta property=\"og:locale\" content=\"fi_FI\" \/>\n<meta property=\"og:type\" content=\"article\" \/>\n<meta property=\"og:title\" content=\"Savirappaus - K\u00e4denj\u00e4lki\u00e4 - ty\u00f6tila &amp; puoti\" \/>\n<meta property=\"og:description\" content=\"Savirappaus \u2013 Luonnollinen valinta terveelliseen kotiin Unelmoitko kodista, joka on ekologinen, hengitt\u00e4v\u00e4 ja t\u00e4ynn\u00e4 luonnollista kauneutta? Savirappaus tuo el\u00e4v\u00e4isi\u00e4, kest\u00e4vi\u00e4 pintoja, jotka sopivat niin uudisrakentamiseen kuin perinnerakentamiseen. Mihin savirappaus sopii?\u00a0 Luonnonmukaiset pinnat: Hirsisein\u00e4t, ruokopinnat ja laudat.&nbsp; Huokoiset materiaalit: Puukuitulevyt ja tiilipinnat.&nbsp; Kest\u00e4v\u00e4t rakenteet: Betoni- ja harkkopinnat. Huom! Imukykyiset, hengitt\u00e4v\u00e4t pinnat antavat parhaan tuloksen. Ei-hengitt\u00e4vien pintojen [&hellip;]\" \/>\n<meta property=\"og:url\" content=\"https:\/\/kadenjalkia.fi\/?page_id=119\" \/>\n<meta property=\"og:site_name\" content=\"K\u00e4denj\u00e4lki\u00e4 - ty\u00f6tila &amp; puoti\" \/>\n<meta property=\"article:publisher\" content=\"https:\/\/www.facebook.com\/Kadenjalkia\/\" \/>\n<meta property=\"article:modified_time\" content=\"2025-05-04T14:54:03+00:00\" \/>\n<meta property=\"og:image\" content=\"https:\/\/kadenjalkia.fi\/wp-content\/uploads\/2025\/05\/savirappaus2_www.jpg\" \/>\n\t<meta property=\"og:image:width\" content=\"563\" \/>\n\t<meta property=\"og:image:height\" content=\"1000\" \/>\n\t<meta property=\"og:image:type\" content=\"image\/jpeg\" \/>\n<meta name=\"twitter:card\" content=\"summary_large_image\" \/>\n<meta name=\"twitter:label1\" content=\"Arvioitu lukuaika\" \/>\n\t<meta name=\"twitter:data1\" content=\"1 minuutti\" \/>\n<script type=\"application\/ld+json\" class=\"yoast-schema-graph\">{\"@context\":\"https:\\\/\\\/schema.org\",\"@graph\":[{\"@type\":\"WebPage\",\"@id\":\"https:\\\/\\\/kadenjalkia.fi\\\/?page_id=119\",\"url\":\"https:\\\/\\\/kadenjalkia.fi\\\/?page_id=119\",\"name\":\"Savirappaus - K\u00e4denj\u00e4lki\u00e4 - ty\u00f6tila &amp; puoti\",\"isPartOf\":{\"@id\":\"https:\\\/\\\/kadenjalkia.fi\\\/#website\"},\"primaryImageOfPage\":{\"@id\":\"https:\\\/\\\/kadenjalkia.fi\\\/?page_id=119#primaryimage\"},\"image\":{\"@id\":\"https:\\\/\\\/kadenjalkia.fi\\\/?page_id=119#primaryimage\"},\"thumbnailUrl\":\"https:\\\/\\\/kadenjalkia.fi\\\/wp-content\\\/uploads\\\/2025\\\/05\\\/savirappaus2_www.jpg\",\"datePublished\":\"2025-05-03T12:27:22+00:00\",\"dateModified\":\"2025-05-04T14:54:03+00:00\",\"breadcrumb\":{\"@id\":\"https:\\\/\\\/kadenjalkia.fi\\\/?page_id=119#breadcrumb\"},\"inLanguage\":\"fi\",\"potentialAction\":[{\"@type\":\"ReadAction\",\"target\":[\"https:\\\/\\\/kadenjalkia.fi\\\/?page_id=119\"]}]},{\"@type\":\"ImageObject\",\"inLanguage\":\"fi\",\"@id\":\"https:\\\/\\\/kadenjalkia.fi\\\/?page_id=119#primaryimage\",\"url\":\"https:\\\/\\\/kadenjalkia.fi\\\/wp-content\\\/uploads\\\/2025\\\/05\\\/savirappaus2_www.jpg\",\"contentUrl\":\"https:\\\/\\\/kadenjalkia.fi\\\/wp-content\\\/uploads\\\/2025\\\/05\\\/savirappaus2_www.jpg\",\"width\":563,\"height\":1000},{\"@type\":\"BreadcrumbList\",\"@id\":\"https:\\\/\\\/kadenjalkia.fi\\\/?page_id=119#breadcrumb\",\"itemListElement\":[{\"@type\":\"ListItem\",\"position\":1,\"name\":\"Home\",\"item\":\"https:\\\/\\\/kadenjalkia.fi\\\/\"},{\"@type\":\"ListItem\",\"position\":2,\"name\":\"Savirappaus\"}]},{\"@type\":\"WebSite\",\"@id\":\"https:\\\/\\\/kadenjalkia.fi\\\/#website\",\"url\":\"https:\\\/\\\/kadenjalkia.fi\\\/\",\"name\":\"K\u00e4denj\u00e4lki\u00e4 - ty\u00f6tila & puoti\",\"description\":\"Intohimona vanhanajan estetiikka\",\"publisher\":{\"@id\":\"https:\\\/\\\/kadenjalkia.fi\\\/#organization\"},\"potentialAction\":[{\"@type\":\"SearchAction\",\"target\":{\"@type\":\"EntryPoint\",\"urlTemplate\":\"https:\\\/\\\/kadenjalkia.fi\\\/?s={search_term_string}\"},\"query-input\":{\"@type\":\"PropertyValueSpecification\",\"valueRequired\":true,\"valueName\":\"search_term_string\"}}],\"inLanguage\":\"fi\"},{\"@type\":\"Organization\",\"@id\":\"https:\\\/\\\/kadenjalkia.fi\\\/#organization\",\"name\":\"K\u00e4denj\u00e4lki\u00e4 - ty\u00f6tila & puoti\",\"url\":\"https:\\\/\\\/kadenjalkia.fi\\\/\",\"logo\":{\"@type\":\"ImageObject\",\"inLanguage\":\"fi\",\"@id\":\"https:\\\/\\\/kadenjalkia.fi\\\/#\\\/schema\\\/logo\\\/image\\\/\",\"url\":\"https:\\\/\\\/kadenjalkia.fi\\\/wp-content\\\/uploads\\\/2024\\\/03\\\/Kopio-Kadenjalkia_logo_valmis-e1710690247205.jpeg\",\"contentUrl\":\"https:\\\/\\\/kadenjalkia.fi\\\/wp-content\\\/uploads\\\/2024\\\/03\\\/Kopio-Kadenjalkia_logo_valmis-e1710690247205.jpeg\",\"width\":308,\"height\":308,\"caption\":\"K\u00e4denj\u00e4lki\u00e4 - ty\u00f6tila & puoti\"},\"image\":{\"@id\":\"https:\\\/\\\/kadenjalkia.fi\\\/#\\\/schema\\\/logo\\\/image\\\/\"},\"sameAs\":[\"https:\\\/\\\/www.facebook.com\\\/Kadenjalkia\\\/\",\"https:\\\/\\\/www.instagram.com\\\/kadenjalkia_tyotila_puoti\\\/\"]}]}<\/script>\n<!-- \/ Yoast SEO plugin. -->","yoast_head_json":{"title":"Savirappaus - K\u00e4denj\u00e4lki\u00e4 - ty\u00f6tila &amp; puoti","robots":{"index":"index","follow":"follow","max-snippet":"max-snippet:-1","max-image-preview":"max-image-preview:large","max-video-preview":"max-video-preview:-1"},"canonical":"https:\/\/kadenjalkia.fi\/?page_id=119","og_locale":"fi_FI","og_type":"article","og_title":"Savirappaus - K\u00e4denj\u00e4lki\u00e4 - ty\u00f6tila &amp; puoti","og_description":"Savirappaus \u2013 Luonnollinen valinta terveelliseen kotiin Unelmoitko kodista, joka on ekologinen, hengitt\u00e4v\u00e4 ja t\u00e4ynn\u00e4 luonnollista kauneutta? Savirappaus tuo el\u00e4v\u00e4isi\u00e4, kest\u00e4vi\u00e4 pintoja, jotka sopivat niin uudisrakentamiseen kuin perinnerakentamiseen. Mihin savirappaus sopii?\u00a0 Luonnonmukaiset pinnat: Hirsisein\u00e4t, ruokopinnat ja laudat.&nbsp; Huokoiset materiaalit: Puukuitulevyt ja tiilipinnat.&nbsp; Kest\u00e4v\u00e4t rakenteet: Betoni- ja harkkopinnat. Huom! Imukykyiset, hengitt\u00e4v\u00e4t pinnat antavat parhaan tuloksen. Ei-hengitt\u00e4vien pintojen [&hellip;]","og_url":"https:\/\/kadenjalkia.fi\/?page_id=119","og_site_name":"K\u00e4denj\u00e4lki\u00e4 - ty\u00f6tila &amp; puoti","article_publisher":"https:\/\/www.facebook.com\/Kadenjalkia\/","article_modified_time":"2025-05-04T14:54:03+00:00","og_image":[{"width":563,"height":1000,"url":"https:\/\/kadenjalkia.fi\/wp-content\/uploads\/2025\/05\/savirappaus2_www.jpg","type":"image\/jpeg"}],"twitter_card":"summary_large_image","twitter_misc":{"Arvioitu lukuaika":"1 minuutti"},"schema":{"@context":"https:\/\/schema.org","@graph":[{"@type":"WebPage","@id":"https:\/\/kadenjalkia.fi\/?page_id=119","url":"https:\/\/kadenjalkia.fi\/?page_id=119","name":"Savirappaus - K\u00e4denj\u00e4lki\u00e4 - ty\u00f6tila &amp; puoti","isPartOf":{"@id":"https:\/\/kadenjalkia.fi\/#website"},"primaryImageOfPage":{"@id":"https:\/\/kadenjalkia.fi\/?page_id=119#primaryimage"},"image":{"@id":"https:\/\/kadenjalkia.fi\/?page_id=119#primaryimage"},"thumbnailUrl":"https:\/\/kadenjalkia.fi\/wp-content\/uploads\/2025\/05\/savirappaus2_www.jpg","datePublished":"2025-05-03T12:27:22+00:00","dateModified":"2025-05-04T14:54:03+00:00","breadcrumb":{"@id":"https:\/\/kadenjalkia.fi\/?page_id=119#breadcrumb"},"inLanguage":"fi","potentialAction":[{"@type":"ReadAction","target":["https:\/\/kadenjalkia.fi\/?page_id=119"]}]},{"@type":"ImageObject","inLanguage":"fi","@id":"https:\/\/kadenjalkia.fi\/?page_id=119#primaryimage","url":"https:\/\/kadenjalkia.fi\/wp-content\/uploads\/2025\/05\/savirappaus2_www.jpg","contentUrl":"https:\/\/kadenjalkia.fi\/wp-content\/uploads\/2025\/05\/savirappaus2_www.jpg","width":563,"height":1000},{"@type":"BreadcrumbList","@id":"https:\/\/kadenjalkia.fi\/?page_id=119#breadcrumb","itemListElement":[{"@type":"ListItem","position":1,"name":"Home","item":"https:\/\/kadenjalkia.fi\/"},{"@type":"ListItem","position":2,"name":"Savirappaus"}]},{"@type":"WebSite","@id":"https:\/\/kadenjalkia.fi\/#website","url":"https:\/\/kadenjalkia.fi\/","name":"K\u00e4denj\u00e4lki\u00e4 - ty\u00f6tila & puoti","description":"Intohimona vanhanajan estetiikka","publisher":{"@id":"https:\/\/kadenjalkia.fi\/#organization"},"potentialAction":[{"@type":"SearchAction","target":{"@type":"EntryPoint","urlTemplate":"https:\/\/kadenjalkia.fi\/?s={search_term_string}"},"query-input":{"@type":"PropertyValueSpecification","valueRequired":true,"valueName":"search_term_string"}}],"inLanguage":"fi"},{"@type":"Organization","@id":"https:\/\/kadenjalkia.fi\/#organization","name":"K\u00e4denj\u00e4lki\u00e4 - ty\u00f6tila & puoti","url":"https:\/\/kadenjalkia.fi\/","logo":{"@type":"ImageObject","inLanguage":"fi","@id":"https:\/\/kadenjalkia.fi\/#\/schema\/logo\/image\/","url":"https:\/\/kadenjalkia.fi\/wp-content\/uploads\/2024\/03\/Kopio-Kadenjalkia_logo_valmis-e1710690247205.jpeg","contentUrl":"https:\/\/kadenjalkia.fi\/wp-content\/uploads\/2024\/03\/Kopio-Kadenjalkia_logo_valmis-e1710690247205.jpeg","width":308,"height":308,"caption":"K\u00e4denj\u00e4lki\u00e4 - ty\u00f6tila & puoti"},"image":{"@id":"https:\/\/kadenjalkia.fi\/#\/schema\/logo\/image\/"},"sameAs":["https:\/\/www.facebook.com\/Kadenjalkia\/","https:\/\/www.instagram.com\/kadenjalkia_tyotila_puoti\/"]}]}},"_links":{"self":[{"href":"https:\/\/kadenjalkia.fi\/index.php?rest_route=\/wp\/v2\/pages\/119","targetHints":{"allow":["GET"]}}],"collection":[{"href":"https:\/\/kadenjalkia.fi\/index.php?rest_route=\/wp\/v2\/pages"}],"about":[{"href":"https:\/\/kadenjalkia.fi\/index.php?rest_route=\/wp\/v2\/types\/page"}],"author":[{"embeddable":true,"href":"https:\/\/kadenjalkia.fi\/index.php?rest_route=\/wp\/v2\/users\/1"}],"replies":[{"embeddable":true,"href":"https:\/\/kadenjalkia.fi\/index.php?rest_route=%2Fwp%2Fv2%2Fcomments&post=119"}],"version-history":[{"count":7,"href":"https:\/\/kadenjalkia.fi\/index.php?rest_route=\/wp\/v2\/pages\/119\/revisions"}],"predecessor-version":[{"id":169,"href":"https:\/\/kadenjalkia.fi\/index.php?rest_route=\/wp\/v2\/pages\/119\/revisions\/169"}],"wp:attachment":[{"href":"https:\/\/kadenjalkia.fi\/index.php?rest_route=%2Fwp%2Fv2%2Fmedia&parent=119"}],"curies":[{"name":"wp","href":"https:\/\/api.w.org\/{rel}","templated":true}]}}