{"id":120,"date":"2025-05-03T15:22:46","date_gmt":"2025-05-03T12:22:46","guid":{"rendered":"https:\/\/kadenjalkia.fi\/?page_id=120"},"modified":"2025-05-04T17:52:49","modified_gmt":"2025-05-04T14:52:49","slug":"savimaalaus","status":"publish","type":"page","link":"https:\/\/kadenjalkia.fi\/?page_id=120","title":{"rendered":"Savimaalaus"},"content":{"rendered":"\n<div class=\"wp-block-group alignfull has-accent-background-color has-background has-global-padding is-layout-constrained wp-container-core-group-is-layout-669513ed wp-block-group-is-layout-constrained\" style=\"margin-top:0;margin-bottom:0;padding-top:var(--wp--preset--spacing--50);padding-right:var(--wp--preset--spacing--50);padding-bottom:var(--wp--preset--spacing--50);padding-left:var(--wp--preset--spacing--50)\">\n<div class=\"wp-block-columns alignwide is-layout-flex wp-container-core-columns-is-layout-1da03c2a wp-block-columns-is-layout-flex\">\n<div class=\"wp-block-column is-vertically-aligned-stretch is-layout-flow wp-block-column-is-layout-flow\" style=\"flex-basis:50%\">\n<div class=\"wp-block-group is-vertical is-content-justification-stretch is-layout-flex wp-container-core-group-is-layout-444d5ee8 wp-block-group-is-layout-flex\" style=\"min-height:100%\">\n<p class=\"has-heading-font-family has-x-large-font-size\" style=\"line-height:1.2\"><br>Savimaalaus \u2013 Luonnollinen valinta kauniiseen kotiin<\/p>\n<\/div>\n<\/div>\n\n\n\n<div class=\"wp-block-column is-vertically-aligned-center is-layout-flow wp-block-column-is-layout-flow\" style=\"flex-basis:50%\">\n<figure class=\"wp-block-image size-full is-style-rounded is-style-rounded--1\"><img loading=\"lazy\" decoding=\"async\" width=\"563\" height=\"1000\" src=\"https:\/\/kadenjalkia.fi\/wp-content\/uploads\/2025\/05\/savimaalit_www.jpg\" alt=\"\" class=\"wp-image-140\" style=\"aspect-ratio:3\/4;object-fit:cover\" srcset=\"https:\/\/kadenjalkia.fi\/wp-content\/uploads\/2025\/05\/savimaalit_www.jpg 563w, https:\/\/kadenjalkia.fi\/wp-content\/uploads\/2025\/05\/savimaalit_www-169x300.jpg 169w\" sizes=\"auto, (max-width: 563px) 100vw, 563px\" \/><\/figure>\n<\/div>\n<\/div>\n<\/div>\n\n\n\n<div class=\"wp-block-group alignfull has-base-background-color has-background has-global-padding is-layout-constrained wp-container-core-group-is-layout-d89aad35 wp-block-group-is-layout-constrained\" style=\"margin-top:0;margin-bottom:0;padding-top:var(--wp--preset--spacing--50);padding-right:var(--wp--preset--spacing--50);padding-bottom:var(--wp--preset--spacing--50);padding-left:var(--wp--preset--spacing--50)\">\n<div class=\"wp-block-columns alignwide is-layout-flex wp-container-core-columns-is-layout-549b0c86 wp-block-columns-is-layout-flex\">\n<div class=\"wp-block-column is-layout-flow wp-block-column-is-layout-flow\">\n<figure class=\"wp-block-image aligncenter size-large\"><img loading=\"lazy\" decoding=\"async\" width=\"768\" height=\"1024\" src=\"https:\/\/kadenjalkia.fi\/wp-content\/uploads\/2025\/05\/maalit_www-768x1024.jpg\" alt=\"\" class=\"wp-image-144\" srcset=\"https:\/\/kadenjalkia.fi\/wp-content\/uploads\/2025\/05\/maalit_www-768x1024.jpg 768w, https:\/\/kadenjalkia.fi\/wp-content\/uploads\/2025\/05\/maalit_www-225x300.jpg 225w, https:\/\/kadenjalkia.fi\/wp-content\/uploads\/2025\/05\/maalit_www-scaled.jpg 1920w\" sizes=\"auto, (max-width: 768px) 100vw, 768px\" \/><\/figure>\n<\/div>\n\n\n\n<div class=\"wp-block-column is-vertically-aligned-top is-layout-flow wp-container-core-column-is-layout-119bc444 wp-block-column-is-layout-flow\" style=\"flex-basis:60%\">\n<p class=\"has-heading-font-family has-x-large-font-size\" style=\"line-height:1.2\">Haluatko ekologisen, hengitt\u00e4v\u00e4n ja el\u00e4v\u00e4isen maalipinnan kotiisi?<\/p>\n\n\n\n<p class=\"has-heading-font-family has-x-large-font-size\" style=\"line-height:1.2\">Savimaali on muoviton, kompostoituva sis\u00e4maali, joka tuo mattapintaista, puuterista kauneutta kuiviin tiloihin.<\/p>\n\n\n\n<p class=\"has-heading-font-family has-x-large-font-size\" style=\"line-height:1.2\"><br>Savimaali soveltuu monipuolisesti erilaisille pinnoille<\/p>\n\n\n\n<div class=\"wp-block-columns is-layout-flex wp-container-core-columns-is-layout-87beb0d0 wp-block-columns-is-layout-flex\">\n<div class=\"wp-block-column is-layout-flow wp-block-column-is-layout-flow\">\n<p><strong>Luonnonmukaiset pinnat: Puu, pinkopahvi, lumppupaperi ja tapetti. &nbsp;<\/strong><\/p>\n<\/div>\n\n\n\n<div class=\"wp-block-column is-layout-flow wp-block-column-is-layout-flow\">\n<p><strong>Mineraalipinnat: Rappaus, tiili ja kalkkimaalatut pinnat. <\/strong><\/p>\n<\/div>\n\n\n\n<div class=\"wp-block-column is-layout-flow wp-block-column-is-layout-flow\">\n<p><strong>Rakennuslevyt: Kipsi-, vaneri-, lastu- ja olkilevyt.<\/strong><\/p>\n\n\n\n<p><br><strong>Muut pinnat: Metallipinnat<\/strong><\/p>\n<\/div>\n<\/div>\n<\/div>\n<\/div>\n\n\n\n<p class=\"has-text-align-left\">Huom! Imukykyiset pinnat antavat parhaan tuloksen. Lateksi- tai muiden ei-hengitt\u00e4vien maalien p\u00e4\u00e4lle maalaamista kannattaa testata tarttuvuuden varmistamiseksi.\u00a0<\/p>\n<\/div>\n\n\n\n<div class=\"wp-block-group alignfull has-accent-5-background-color has-background has-global-padding is-layout-constrained wp-container-core-group-is-layout-d89aad35 wp-block-group-is-layout-constrained\" style=\"margin-top:0;margin-bottom:0;padding-top:var(--wp--preset--spacing--50);padding-right:var(--wp--preset--spacing--50);padding-bottom:var(--wp--preset--spacing--50);padding-left:var(--wp--preset--spacing--50)\">\n<div class=\"wp-block-columns alignwide is-layout-flex wp-container-core-columns-is-layout-1da03c2a wp-block-columns-is-layout-flex\">\n<div class=\"wp-block-column is-vertically-aligned-center is-layout-flow wp-block-column-is-layout-flow\" style=\"flex-basis:60%\">\n<figure class=\"wp-block-image size-full is-style-rounded wp-duotone-duotone-1 is-style-rounded--2\"><img loading=\"lazy\" decoding=\"async\" width=\"1920\" height=\"2560\" src=\"https:\/\/kadenjalkia.fi\/wp-content\/uploads\/2025\/05\/savimaalit3_www-scaled.jpg\" alt=\"\" class=\"wp-image-139\" style=\"aspect-ratio:4\/3;object-fit:cover\" srcset=\"https:\/\/kadenjalkia.fi\/wp-content\/uploads\/2025\/05\/savimaalit3_www-scaled.jpg 1920w, https:\/\/kadenjalkia.fi\/wp-content\/uploads\/2025\/05\/savimaalit3_www-225x300.jpg 225w, https:\/\/kadenjalkia.fi\/wp-content\/uploads\/2025\/05\/savimaalit3_www-768x1024.jpg 768w\" sizes=\"auto, (max-width: 1920px) 100vw, 1920px\" \/><\/figure>\n<\/div>\n\n\n\n<div class=\"wp-block-column is-layout-flow wp-block-column-is-layout-flow\" style=\"flex-basis:40%\">\n<h2 class=\"wp-block-heading\"><strong>Miksi valita savimaali?<\/strong><\/h2>\n\n\n\n<ul class=\"wp-block-list\">\n<li><strong>Ekologisuus<\/strong>: 100 % luonnollinen, muoviton ja kompostoituva \u2013 ymp\u00e4rist\u00f6yst\u00e4v\u00e4llinen valinta. &nbsp;<\/li>\n\n\n\n<li><strong>Hengitt\u00e4vyys<\/strong>: S\u00e4\u00e4telee kosteutta ja parantaa sis\u00e4ilman laatua. &nbsp;<\/li>\n\n\n\n<li><strong>Kaunis pinta<\/strong>: Mattapintainen, puuterinen ja el\u00e4v\u00e4inen lopputulos, joka tuo harmoniaa kotiin.<\/li>\n<\/ul>\n\n\n\n<p>OTA YHTEYTT\u00c4<\/p>\n\n\n\n<div class=\"wp-block-buttons is-layout-flex wp-block-buttons-is-layout-flex\">\n<div class=\"wp-block-button\"><a class=\"wp-block-button__link wp-element-button\" href=\"mailto:anna-maria@kadenjalkia.fi\">anna-maria@kadenjalkia.fi<\/a><\/div>\n<\/div>\n<\/div>\n<\/div>\n<\/div>\n","protected":false},"excerpt":{"rendered":"<p>Savimaalaus \u2013 Luonnollinen valinta kauniiseen kotiin Haluatko ekologisen, hengitt\u00e4v\u00e4n ja el\u00e4v\u00e4isen maalipinnan kotiisi? Savimaali on muoviton, kompostoituva sis\u00e4maali, joka tuo mattapintaista, puuterista kauneutta kuiviin tiloihin. Savimaali soveltuu monipuolisesti erilaisille pinnoille Luonnonmukaiset pinnat: Puu, pinkopahvi, lumppupaperi ja tapetti. &nbsp; Mineraalipinnat: Rappaus, tiili ja kalkkimaalatut pinnat. Rakennuslevyt: Kipsi-, vaneri-, lastu- ja olkilevyt. Muut pinnat: Metallipinnat Huom! Imukykyiset [&hellip;]<\/p>\n","protected":false},"author":1,"featured_media":0,"parent":0,"menu_order":0,"comment_status":"closed","ping_status":"closed","template":"","meta":{"footnotes":""},"class_list":["post-120","page","type-page","status-publish","hentry"],"yoast_head":"<!-- This site is optimized with the Yoast SEO plugin v27.4 - https:\/\/yoast.com\/product\/yoast-seo-wordpress\/ -->\n<title>Savimaalaus - K\u00e4denj\u00e4lki\u00e4 - ty\u00f6tila &amp; puoti<\/title>\n<meta name=\"robots\" content=\"index, follow, max-snippet:-1, max-image-preview:large, max-video-preview:-1\" \/>\n<link rel=\"canonical\" href=\"https:\/\/kadenjalkia.fi\/?page_id=120\" \/>\n<meta property=\"og:locale\" content=\"fi_FI\" \/>\n<meta property=\"og:type\" content=\"article\" \/>\n<meta property=\"og:title\" content=\"Savimaalaus - K\u00e4denj\u00e4lki\u00e4 - ty\u00f6tila &amp; puoti\" \/>\n<meta property=\"og:description\" content=\"Savimaalaus \u2013 Luonnollinen valinta kauniiseen kotiin Haluatko ekologisen, hengitt\u00e4v\u00e4n ja el\u00e4v\u00e4isen maalipinnan kotiisi? Savimaali on muoviton, kompostoituva sis\u00e4maali, joka tuo mattapintaista, puuterista kauneutta kuiviin tiloihin. Savimaali soveltuu monipuolisesti erilaisille pinnoille Luonnonmukaiset pinnat: Puu, pinkopahvi, lumppupaperi ja tapetti. &nbsp; Mineraalipinnat: Rappaus, tiili ja kalkkimaalatut pinnat. Rakennuslevyt: Kipsi-, vaneri-, lastu- ja olkilevyt. Muut pinnat: Metallipinnat Huom! Imukykyiset [&hellip;]\" \/>\n<meta property=\"og:url\" content=\"https:\/\/kadenjalkia.fi\/?page_id=120\" \/>\n<meta property=\"og:site_name\" content=\"K\u00e4denj\u00e4lki\u00e4 - ty\u00f6tila &amp; puoti\" \/>\n<meta property=\"article:publisher\" content=\"https:\/\/www.facebook.com\/Kadenjalkia\/\" \/>\n<meta property=\"article:modified_time\" content=\"2025-05-04T14:52:49+00:00\" \/>\n<meta property=\"og:image\" content=\"https:\/\/kadenjalkia.fi\/wp-content\/uploads\/2025\/05\/savimaalit_www.jpg\" \/>\n\t<meta property=\"og:image:width\" content=\"563\" \/>\n\t<meta property=\"og:image:height\" content=\"1000\" \/>\n\t<meta property=\"og:image:type\" content=\"image\/jpeg\" \/>\n<meta name=\"twitter:card\" content=\"summary_large_image\" \/>\n<meta name=\"twitter:label1\" content=\"Arvioitu lukuaika\" \/>\n\t<meta name=\"twitter:data1\" content=\"1 minuutti\" \/>\n<script type=\"application\/ld+json\" class=\"yoast-schema-graph\">{\"@context\":\"https:\\\/\\\/schema.org\",\"@graph\":[{\"@type\":\"WebPage\",\"@id\":\"https:\\\/\\\/kadenjalkia.fi\\\/?page_id=120\",\"url\":\"https:\\\/\\\/kadenjalkia.fi\\\/?page_id=120\",\"name\":\"Savimaalaus - K\u00e4denj\u00e4lki\u00e4 - ty\u00f6tila &amp; puoti\",\"isPartOf\":{\"@id\":\"https:\\\/\\\/kadenjalkia.fi\\\/#website\"},\"primaryImageOfPage\":{\"@id\":\"https:\\\/\\\/kadenjalkia.fi\\\/?page_id=120#primaryimage\"},\"image\":{\"@id\":\"https:\\\/\\\/kadenjalkia.fi\\\/?page_id=120#primaryimage\"},\"thumbnailUrl\":\"https:\\\/\\\/kadenjalkia.fi\\\/wp-content\\\/uploads\\\/2025\\\/05\\\/savimaalit_www.jpg\",\"datePublished\":\"2025-05-03T12:22:46+00:00\",\"dateModified\":\"2025-05-04T14:52:49+00:00\",\"breadcrumb\":{\"@id\":\"https:\\\/\\\/kadenjalkia.fi\\\/?page_id=120#breadcrumb\"},\"inLanguage\":\"fi\",\"potentialAction\":[{\"@type\":\"ReadAction\",\"target\":[\"https:\\\/\\\/kadenjalkia.fi\\\/?page_id=120\"]}]},{\"@type\":\"ImageObject\",\"inLanguage\":\"fi\",\"@id\":\"https:\\\/\\\/kadenjalkia.fi\\\/?page_id=120#primaryimage\",\"url\":\"https:\\\/\\\/kadenjalkia.fi\\\/wp-content\\\/uploads\\\/2025\\\/05\\\/savimaalit_www.jpg\",\"contentUrl\":\"https:\\\/\\\/kadenjalkia.fi\\\/wp-content\\\/uploads\\\/2025\\\/05\\\/savimaalit_www.jpg\",\"width\":563,\"height\":1000},{\"@type\":\"BreadcrumbList\",\"@id\":\"https:\\\/\\\/kadenjalkia.fi\\\/?page_id=120#breadcrumb\",\"itemListElement\":[{\"@type\":\"ListItem\",\"position\":1,\"name\":\"Home\",\"item\":\"https:\\\/\\\/kadenjalkia.fi\\\/\"},{\"@type\":\"ListItem\",\"position\":2,\"name\":\"Savimaalaus\"}]},{\"@type\":\"WebSite\",\"@id\":\"https:\\\/\\\/kadenjalkia.fi\\\/#website\",\"url\":\"https:\\\/\\\/kadenjalkia.fi\\\/\",\"name\":\"K\u00e4denj\u00e4lki\u00e4 - ty\u00f6tila & puoti\",\"description\":\"Intohimona vanhanajan estetiikka\",\"publisher\":{\"@id\":\"https:\\\/\\\/kadenjalkia.fi\\\/#organization\"},\"potentialAction\":[{\"@type\":\"SearchAction\",\"target\":{\"@type\":\"EntryPoint\",\"urlTemplate\":\"https:\\\/\\\/kadenjalkia.fi\\\/?s={search_term_string}\"},\"query-input\":{\"@type\":\"PropertyValueSpecification\",\"valueRequired\":true,\"valueName\":\"search_term_string\"}}],\"inLanguage\":\"fi\"},{\"@type\":\"Organization\",\"@id\":\"https:\\\/\\\/kadenjalkia.fi\\\/#organization\",\"name\":\"K\u00e4denj\u00e4lki\u00e4 - ty\u00f6tila & puoti\",\"url\":\"https:\\\/\\\/kadenjalkia.fi\\\/\",\"logo\":{\"@type\":\"ImageObject\",\"inLanguage\":\"fi\",\"@id\":\"https:\\\/\\\/kadenjalkia.fi\\\/#\\\/schema\\\/logo\\\/image\\\/\",\"url\":\"https:\\\/\\\/kadenjalkia.fi\\\/wp-content\\\/uploads\\\/2024\\\/03\\\/Kopio-Kadenjalkia_logo_valmis-e1710690247205.jpeg\",\"contentUrl\":\"https:\\\/\\\/kadenjalkia.fi\\\/wp-content\\\/uploads\\\/2024\\\/03\\\/Kopio-Kadenjalkia_logo_valmis-e1710690247205.jpeg\",\"width\":308,\"height\":308,\"caption\":\"K\u00e4denj\u00e4lki\u00e4 - ty\u00f6tila & puoti\"},\"image\":{\"@id\":\"https:\\\/\\\/kadenjalkia.fi\\\/#\\\/schema\\\/logo\\\/image\\\/\"},\"sameAs\":[\"https:\\\/\\\/www.facebook.com\\\/Kadenjalkia\\\/\",\"https:\\\/\\\/www.instagram.com\\\/kadenjalkia_tyotila_puoti\\\/\"]}]}<\/script>\n<!-- \/ Yoast SEO plugin. -->","yoast_head_json":{"title":"Savimaalaus - K\u00e4denj\u00e4lki\u00e4 - ty\u00f6tila &amp; puoti","robots":{"index":"index","follow":"follow","max-snippet":"max-snippet:-1","max-image-preview":"max-image-preview:large","max-video-preview":"max-video-preview:-1"},"canonical":"https:\/\/kadenjalkia.fi\/?page_id=120","og_locale":"fi_FI","og_type":"article","og_title":"Savimaalaus - K\u00e4denj\u00e4lki\u00e4 - ty\u00f6tila &amp; puoti","og_description":"Savimaalaus \u2013 Luonnollinen valinta kauniiseen kotiin Haluatko ekologisen, hengitt\u00e4v\u00e4n ja el\u00e4v\u00e4isen maalipinnan kotiisi? Savimaali on muoviton, kompostoituva sis\u00e4maali, joka tuo mattapintaista, puuterista kauneutta kuiviin tiloihin. Savimaali soveltuu monipuolisesti erilaisille pinnoille Luonnonmukaiset pinnat: Puu, pinkopahvi, lumppupaperi ja tapetti. &nbsp; Mineraalipinnat: Rappaus, tiili ja kalkkimaalatut pinnat. Rakennuslevyt: Kipsi-, vaneri-, lastu- ja olkilevyt. Muut pinnat: Metallipinnat Huom! Imukykyiset [&hellip;]","og_url":"https:\/\/kadenjalkia.fi\/?page_id=120","og_site_name":"K\u00e4denj\u00e4lki\u00e4 - ty\u00f6tila &amp; puoti","article_publisher":"https:\/\/www.facebook.com\/Kadenjalkia\/","article_modified_time":"2025-05-04T14:52:49+00:00","og_image":[{"width":563,"height":1000,"url":"https:\/\/kadenjalkia.fi\/wp-content\/uploads\/2025\/05\/savimaalit_www.jpg","type":"image\/jpeg"}],"twitter_card":"summary_large_image","twitter_misc":{"Arvioitu lukuaika":"1 minuutti"},"schema":{"@context":"https:\/\/schema.org","@graph":[{"@type":"WebPage","@id":"https:\/\/kadenjalkia.fi\/?page_id=120","url":"https:\/\/kadenjalkia.fi\/?page_id=120","name":"Savimaalaus - K\u00e4denj\u00e4lki\u00e4 - ty\u00f6tila &amp; puoti","isPartOf":{"@id":"https:\/\/kadenjalkia.fi\/#website"},"primaryImageOfPage":{"@id":"https:\/\/kadenjalkia.fi\/?page_id=120#primaryimage"},"image":{"@id":"https:\/\/kadenjalkia.fi\/?page_id=120#primaryimage"},"thumbnailUrl":"https:\/\/kadenjalkia.fi\/wp-content\/uploads\/2025\/05\/savimaalit_www.jpg","datePublished":"2025-05-03T12:22:46+00:00","dateModified":"2025-05-04T14:52:49+00:00","breadcrumb":{"@id":"https:\/\/kadenjalkia.fi\/?page_id=120#breadcrumb"},"inLanguage":"fi","potentialAction":[{"@type":"ReadAction","target":["https:\/\/kadenjalkia.fi\/?page_id=120"]}]},{"@type":"ImageObject","inLanguage":"fi","@id":"https:\/\/kadenjalkia.fi\/?page_id=120#primaryimage","url":"https:\/\/kadenjalkia.fi\/wp-content\/uploads\/2025\/05\/savimaalit_www.jpg","contentUrl":"https:\/\/kadenjalkia.fi\/wp-content\/uploads\/2025\/05\/savimaalit_www.jpg","width":563,"height":1000},{"@type":"BreadcrumbList","@id":"https:\/\/kadenjalkia.fi\/?page_id=120#breadcrumb","itemListElement":[{"@type":"ListItem","position":1,"name":"Home","item":"https:\/\/kadenjalkia.fi\/"},{"@type":"ListItem","position":2,"name":"Savimaalaus"}]},{"@type":"WebSite","@id":"https:\/\/kadenjalkia.fi\/#website","url":"https:\/\/kadenjalkia.fi\/","name":"K\u00e4denj\u00e4lki\u00e4 - ty\u00f6tila & puoti","description":"Intohimona vanhanajan estetiikka","publisher":{"@id":"https:\/\/kadenjalkia.fi\/#organization"},"potentialAction":[{"@type":"SearchAction","target":{"@type":"EntryPoint","urlTemplate":"https:\/\/kadenjalkia.fi\/?s={search_term_string}"},"query-input":{"@type":"PropertyValueSpecification","valueRequired":true,"valueName":"search_term_string"}}],"inLanguage":"fi"},{"@type":"Organization","@id":"https:\/\/kadenjalkia.fi\/#organization","name":"K\u00e4denj\u00e4lki\u00e4 - ty\u00f6tila & puoti","url":"https:\/\/kadenjalkia.fi\/","logo":{"@type":"ImageObject","inLanguage":"fi","@id":"https:\/\/kadenjalkia.fi\/#\/schema\/logo\/image\/","url":"https:\/\/kadenjalkia.fi\/wp-content\/uploads\/2024\/03\/Kopio-Kadenjalkia_logo_valmis-e1710690247205.jpeg","contentUrl":"https:\/\/kadenjalkia.fi\/wp-content\/uploads\/2024\/03\/Kopio-Kadenjalkia_logo_valmis-e1710690247205.jpeg","width":308,"height":308,"caption":"K\u00e4denj\u00e4lki\u00e4 - ty\u00f6tila & puoti"},"image":{"@id":"https:\/\/kadenjalkia.fi\/#\/schema\/logo\/image\/"},"sameAs":["https:\/\/www.facebook.com\/Kadenjalkia\/","https:\/\/www.instagram.com\/kadenjalkia_tyotila_puoti\/"]}]}},"_links":{"self":[{"href":"https:\/\/kadenjalkia.fi\/index.php?rest_route=\/wp\/v2\/pages\/120","targetHints":{"allow":["GET"]}}],"collection":[{"href":"https:\/\/kadenjalkia.fi\/index.php?rest_route=\/wp\/v2\/pages"}],"about":[{"href":"https:\/\/kadenjalkia.fi\/index.php?rest_route=\/wp\/v2\/types\/page"}],"author":[{"embeddable":true,"href":"https:\/\/kadenjalkia.fi\/index.php?rest_route=\/wp\/v2\/users\/1"}],"replies":[{"embeddable":true,"href":"https:\/\/kadenjalkia.fi\/index.php?rest_route=%2Fwp%2Fv2%2Fcomments&post=120"}],"version-history":[{"count":8,"href":"https:\/\/kadenjalkia.fi\/index.php?rest_route=\/wp\/v2\/pages\/120\/revisions"}],"predecessor-version":[{"id":168,"href":"https:\/\/kadenjalkia.fi\/index.php?rest_route=\/wp\/v2\/pages\/120\/revisions\/168"}],"wp:attachment":[{"href":"https:\/\/kadenjalkia.fi\/index.php?rest_route=%2Fwp%2Fv2%2Fmedia&parent=120"}],"curies":[{"name":"wp","href":"https:\/\/api.w.org\/{rel}","templated":true}]}}